of l?
3
Suppose -i + 2 = 2*g - 0, 4 = g + 2*i. Suppose g = -2*a - 4*l - 120, -4*a + 2*l - 278 = -48. Let b = 10 - a. What is the units digit of b?
8
Let l be 18*(-2)/(-15) - 4/10. Suppose l*h - 384 = 8*h. Let v = h + 93. What is the tens digit of v?
2
Let o = -136 + 441. Suppose -2*h = -2*z + 357 + o, 0 = -h - 4. What is the units digit of z?
7
Let x be 8/18 + (-322)/(-126). Suppose -y = -x*s + 3*y + 1961, -5*s + 5*y + 3275 = 0. What is the tens digit of s?
5
Suppose -3732 = -9*s + 7*s - 6*r, -4*s + 7499 = 5*r. What is the thousands digit of s?
1
Let h = -47 - -53. Suppose -3*p = -5*i - 26, 16 = -2*p - h*i + i. What is the tens digit of ((-3)/p)/(6/(-272))?
6
Suppose -5*v - 4 = -6*v. Suppose -v*y = -5*y - 2. What is the units digit of y/(-2)*(-14 - -39)?
5
Suppose 278*c - 292860 = -8*m + 280*c, 0 = 3*m + c - 109812. What is the hundreds digit of m?
6
Suppose -v - 22 = 4*v - 4*u, -2*u - 2 = 4*v. Let q be -200*(v/1 + -2 + 2). Suppose 11*f + 203 = 12*f + d, -2*f + 4*d = -q. What is the hundreds digit of f?
2
Let b = 54876 - 43003. What is the units digit of b?
3
Let q(u) = 2*u**3 + 3*u**2 - 2*u. Let p be q(1). What is the hundreds digit of (-180)/(-120)*584/p?
2
Suppose 13*n - 30 = -4. Suppose n*c - 2 = 0, -21*y = -25*y + 2*c + 314. What is the tens digit of y?
7
Suppose 2*v + 4*k - 4986 = 11470, 0 = k + 2. What is the hundreds digit of v?
2
Let t(x) = x**2 + 7*x. Let h be t(-8). Suppose 0 = h*d - 11267 - 1189. What is the thousands digit of d?
1
Suppose 0 = -14*k - 35 - 273. What is the units digit of (-52 - k)*(-84)/5?
4
Suppose -5*s = v - 191394, -42*s + 50*s - 306220 = v. What is the hundreds digit of s?
2
Let t(h) = -2*h**3 - 49*h**2 + 116*h - 29. What is the thousands digit of t(-36)?
5
Suppose 4*c - 302 = 2*c. Suppose j - c - 182 = 3*f, -2*f = j - 323. Suppose -2*m + o = -j, -4*m + 5*o + 607 = -50. What is the units digit of m?
3
Let c = -4772 + 9886. What is the thousands digit of c?
5
Let l(a) = 21*a - 101. Let k be l(5). Suppose -k*m + 1820 = -4*u, 3*u = m - 281 - 176. What is the tens digit of m?
5
Let m(w) = 8 + 3*w**2 + 54*w - 2*w**2 + w**2 + 13*w**2. What is the tens digit of m(-6)?
2
Suppose 4*b - 3*t - 23 = 0, 4*b = -2*t - 3 + 1. Suppose -55 - 2789 = -b*l. What is the hundreds digit of l?
4
Suppose 15 - 1659 = -4*d. Let a = 867 - d. What is the hundreds digit of a?
4
Let n = -3 - 2. Suppose -x + 136 = -6*d + 3*d, 0 = -5*d - 4*x - 221. What is the units digit of (-27)/d - 392/n?
9
Let d(y) = -48*y - 180. Let f be d(-24). Suppose 3*s - 2*s = -4*b + 495, -2*b + f = 2*s. What is the units digit of s?
3
Let i(n) = 23*n + 24. Let s be i(10). Suppose -6*h + 1630 = -s. What is the hundreds digit of h?
3
What is the units digit of 1884*(25 - -10)/7?
0
Suppose 4*q - 10691 = 5*v, -5*q - 4*v = -v - 13373. Suppose -5*r + 2671 = 3*k, 0 = -15*k + 18*k + 2*r - q. What is the hundreds digit of k?
8
Suppose 2*h + 115*h - 10393882 = -3020893. What is the ten thousands digit of h?
6
Let i = 14491 - -10684. What is the thousands digit of i?
5
Let r(s) be the third derivative of s**5/60 - s**4/12 - 3*s**3 + 12*s**2 - 1. What is the hundreds digit of r(12)?
1
Let b = -558 - -582. Suppose -b*y + 46*y - 6182 = 0. What is the units digit of y?
1
Suppose -2*s + 5*p = -75837, -13*s + p = s - 530961. What is the tens digit of s?
2
Let g(f) be the third derivative of -12*f**2 - 8/3*f**3 - 13/24*f**4 + 0 + 0*f. What is the units digit of g(-17)?
5
Suppose 49 = 17*f - 18*f. Let t = -48 - f. What is the hundreds digit of t/2*252*1?
1
What is the hundreds digit of 730/(-511) - (-94842)/14?
7
Let l be 4/(-22) + 948/132. Let w(o) be the third derivative of o**6/120 - o**5/12 - 5*o**4/12 - o**3/3 - 40*o**2. What is the units digit of w(l)?
6
Let f = -544 + 546. Suppose -4*i - 3*s = -413 - 700, 3*i - 5*s - 871 = 0. Suppose i = f*l + w, -4*l + 2*w + 564 = w. What is the hundreds digit of l?
1
Suppose 5*p = 12*p - 8645. Let h = 1757 - p. What is the tens digit of h?
2
What is the units digit of (13 - 7)*259510/60?
1
What is the tens digit of 43/((-172)/(-5152)) - (2 - 2)?
8
Suppose 6*s - 4196 = -2400 + 6322. What is the units digit of s?
3
Suppose 4*n - 117 = -5*y, 5*n - 9*n + 72 = -4*y. Suppose -7068 = n*d - 42*d. What is the hundreds digit of d?
3
Let z(h) = 25*h**2 + 4. Let u(s) = -s**2 + s - 1. Let y(i) = 5*i**2 + 8*i - 1. Let o(n) = -3*u(n) - y(n). Let x be o(-6). What is the tens digit of z(x)?
0
Let f = 34 + -26. Suppose -4*r - f = 0, -138 = -0*u - 2*u + 5*r. Let b = u - 18. What is the tens digit of b?
4
Let a = -21696 + 31937. What is the thousands digit of a?
0
Suppose 0 = -5*f - 5*k + 115, 2*k - 15 - 13 = -f. Let x be (9/((-81)/12))/((-8)/f). Suppose -9*r + 258 + x = 0. What is the tens digit of r?
2
Let w = -13809 + 13799. Let r(n) = -n**3 - 3*n**2 + 19*n - 13. Let x(l) = l**2 + l. Let t(h) = -r(h) + 6*x(h). What is the units digit of t(w)?
3
Suppose 0 = -104*a + 18742 + 506978. What is the tens digit of a?
5
Let y be ((-162)/12 + 4)*-38. Suppose -y*m - 39522 = -382*m. What is the units digit of m?
2
What is the tens digit of (-2534100)/(-420) + (-8)/14?
3
Suppose -3*n = 5*j + 2*n - 5, j = 3*n - 3. Let b be j/5*((-3)/(-6))/1. Suppose 2*l = -b*l + 6. What is the units digit of l?
3
Let x be 5579/((-14)/2)*(-2 + 3). Let w = -313 - x. What is the tens digit of w?
8
Let f(x) = -9*x**3 + 27*x**2 - 21*x - 175. What is the units digit of f(-14)?
7
Let i(x) = -4*x + 54. Let w be i(17). Let f(y) = y**3 + 14*y**2 - 17*y + 18. What is the tens digit of f(w)?
5
Suppose 0 = 31*s + 26*s - 1553439 + 320985. What is the hundreds digit of s?
6
Let n(q) = -q**2 + 227*q - 3464. What is the thousands digit of n(155)?
7
Suppose -5*j - k + 12275 = 0, -2*k - 551 = 2*j - 5461. Suppose 140 + 470 = g + f, j = 4*g - f. What is the hundreds digit of g?
6
Suppose 0 = -5*g + 4*l + 141, -5*l = 3*g - 35 - 57. Suppose -5*s - 2*w - 16 = g, 5*w = -4*s - 36. Let i = 49 + s. What is the units digit of i?
0
Let c = -5390 + 10351. What is the hundreds digit of c?
9
Let y be 16*2*(-27)/(-12). Suppose -16 - 63 = -5*t - o, -4 = 4*o. What is the units digit of y*t/(-36)*-3?
6
Let t = 185 + -185. What is the tens digit of (-1 - (t + -5))/(102/24837)?
7
Let z(u) = -37*u**3 - 31*u**2 - 13*u - 29. What is the units digit of z(-9)?
0
Let s(c) = 13. Let d(t) = t - 51. Let p(m) = -6*d(m) - 22*s(m). Let y be p(10). Let g = y + 67. What is the tens digit of g?
2
Suppose 2*a - 5*h = -a + 27, -5*a - 2*h + 14 = 0. Suppose 5*q - 4*l - 1708 = 0, -a*q - 8*l + 1385 = -5*l. What is the tens digit of q?
4
Suppose -r = l - 4695, -15*r + 9387 = -13*r - l. What is the hundreds digit of r?
6
Let u = 15 + -13. What is the tens digit of (u - 2) + 1235/5 + -4?
4
Let t(s) = 409*s**2 + 30*s + 144. What is the hundreds digit of t(-4)?
5
Let x(q) = 3*q**3 - 35*q**2 + 12*q + 99. What is the hundreds digit of x(18)?
4
Suppose 3*i = -i, l - i = 443. Let h = 629 - l. Suppose 5*b - 44 = h. What is the units digit of b?
6
Let h(s) = -21*s + 1. Let n(j) = -10*j. Let w = 81 + -95. Let v(y) = w*n(y) + 6*h(y). What is the tens digit of v(1)?
2
Suppose 47*t - 2166 = 50*t. Let g = t - -417. Let n = g - -524. What is the hundreds digit of n?
2
Suppose 18088 = 2*m - v, 0 = 2*m - 16*v + 20*v - 18068. What is the hundreds digit of m?
0
Suppose 946*p - 156611 = -3*x + 942*p, 5*p = 5*x - 261030. What is the tens digit of x?
0
Let f(w) be the second derivative of w**4/12 + w**3/6 + 74*w**2 + 30*w. Let z be f(0). Suppose 16 = 4*c - z. What is the units digit of c?
1
Let q(y) = -4*y - 10. Let b be q(-3). Let d be b + 1/1 + -2. Suppose 4*a = -f + 9, f - 22 = -a - d. What is the tens digit of f?
2
Let i(y) = -7*y**3 - 13*y**2 + 7*y + 61. Let v(j) = -4*j**3 - 6*j**2 + 4*j + 30. Let p(o) = -3*i(o) + 5*v(o). What is the tens digit of p(-7)?
7
Let d(r) = 166*r + 2051. What is the thousands digit of d(39)?
8
Let k(a) be the first derivative of -3*a**4/4 + 2*a**3/3 + a**2 - 7*a - 18. Let y be k(-3). Suppose -y = -5*j + 4. What is the tens digit of j?
1
Suppose -z - 4 = -2*z. Suppose -z*p = p - 1045. Suppose -8*r + 47 = -p. What is the tens digit of r?
3
Suppose 59 = 16*q - 69. Let d(b) = 99*b + 3. What is the tens digit of d(q)?
9
Let j be (-9331)/9 + 14/(-63). Let n = j - -1544. What is the hundreds digit of n?
5
Let c(n) = 3*n**3 - 23*n**2 - 205*n - 